w - 4*r. What is the units digit of w?
4
Let q(h) = h**3 + 13*h**2 - 2*h + 3. What is the tens digit of q(-10)?
2
Let n(a) = a**2 - 2. Let y = 3 - 9. Let t be n(y). Suppose 6 = -4*v + t. What is the units digit of v?
7
Suppose 8*x + 15 = 9*x. What is the tens digit of x?
1
Suppose -756 - 270 = -3*n. What is the hundreds digit of n?
3
Suppose -5*w + 2 = 4*f, -5*w - 3*f = -0*f - 4. Suppose -2*v - 3*v - 3 = -w*o, -7 = 5*v - 3*o. What is the units digit of v?
1
Let g(o) = -14*o**2 - 24*o - 39. Let v(m) = -5*m**2 - 8*m - 13. Let y(a) = -4*g(a) + 11*v(a). What is the tens digit of y(-9)?
2
Suppose -4*h + 7*h - 462 = 0. What is the units digit of h?
4
Let t = 162 + -116. What is the units digit of t?
6
Let f(x) = 61*x**2 - 2*x - 2. Let h be f(2). Suppose -4 = 3*p - h. Suppose -5*v + p - 3 = 0. What is the tens digit of v?
1
Let c = 5 + 0. Suppose -14 = -c*y + 11. What is the units digit of y?
5
Suppose 0 = 4*o - 448 - 44. What is the hundreds digit of o?
1
Let x = 58 + 8. What is the tens digit of x?
6
What is the hundreds digit of ((-612)/6 + 2)*1*-1?
1
Let s = -7 - -10. Suppose -5*p = -3 + 28, -s*p - 19 = -k. What is the units digit of k?
4
Suppose -2*r + 10 = 5*v, v - 4 = r - v. Let h = r - -2. Suppose h*p + 0*m - 2*m = 22, -5*p + 39 = -m. What is the units digit of p?
7
Let r(y) = -y**3 + 7*y**2 - 5*y - 4. Let z be r(6). What is the units digit of (15/6 - z)*16?
8
Suppose 0*h - 22 = -h. Suppose -2*u = -5*x - 30 - h, -4*x = -u + 32. What is the units digit of u?
6
Let x = 3 + -3. Suppose b + 3*b - 108 = x. What is the tens digit of b?
2
Suppose q + 133 = 8*q. What is the units digit of q?
9
Let d = -1 + 7. What is the units digit of d*1*(-56)/(-42)?
8
Let h = 4 + -2. Let w = -14 - -9. Let a = h - w. What is the units digit of a?
7
Suppose 4*i - 2*i - 48 = 0. What is the units digit of ((-2)/(-6))/(2/i)?
4
Let o be (0 - 0 - -3) + 2. Suppose o*y - 92 = -4*t + 30, 4*y - 98 = -3*t. Suppose -f = f - y. What is the units digit of f?
3
Suppose 0 = 3*v - i - 471, 0 = -v - 4*i + 178 - 21. What is the units digit of v?
7
Suppose 12*b - 13*b + 30 = 0. What is the units digit of b?
0
Let s = -180 - -310. What is the hundreds digit of s?
1
Let i = 13 - 9. Let h = -1 + i. Suppose -4*w + 47 = -0*w + 5*o, h = o. What is the units digit of w?
8
Let y(b) = 2*b**2 - 3*b - 4. Let p be y(3). Suppose -p*t + 2*j + 126 = 0, -j + 5*j - 12 = -t. What is the units digit of t?
4
Let f be (-3 - 0) + (-6 - -4). Let j = -2 - f. What is the units digit of j?
3
Suppose 3*b = -t - 11, b = 3*t - b + 22. Let q(o) = 4*o - 11. Let d be q(8). Let u = d + t. What is the units digit of u?
3
What is the units digit of (129 - 14) + (-2 + 0)/(-2)?
6
Let z(n) = -n**3 - 5*n**2 + 4. Let f be z(-5). Suppose 7*j - f*j = 30. What is the units digit of j?
0
Suppose -7*w = -702 - 33. What is the tens digit of (w/(-28))/(3/(-40))?
5
Suppose 0 = -5*l + 15, 0 = 2*i - 0*i + l - 21. Let v(m) = -m**3 - 5*m**2 - 2*m - 3. Let r be v(-5). Let t = i - r. What is the units digit of t?
2
Let n be (-12)/9 - (-2)/(-3). Let p be (-1 - -2)*n - -12. Suppose -5*a - p = -5*x, -3*x - a + 4 = -2*x. What is the units digit of x?
3
Let c(d) = -5*d - 7. Let x be c(8). Let l = -11 - x. What is the units digit of l?
6
Suppose 3*z - 2*t = 83, z + 3*z - 110 = 3*t. Let p = z + -20. What is the units digit of p?
9
Suppose -4*a - 3*w = -149, -5*a + 153 = -a - w. What is the tens digit of a?
3
Let c = 600 + -268. What is the hundreds digit of c?
3
Let s = 75 + -19. What is the tens digit of s?
5
What is the tens digit of (580/40)/((-1)/(-2) + 0)?
2
Suppose -2*k - 4*x + 334 = 0, 5*x - 2 - 3 = 0. What is the tens digit of k?
6
Let j = 16 - 11. Suppose 0 = -4*p + 5*z - 6 - 0, -j*p = -z + 18. Let f = 0 - p. What is the units digit of f?
4
Let r(w) = w**3 + 3*w**2 + 7*w + 5. Let j(h) = -h**3 - 4*h**2 - 8*h - 6. Let g(a) = 4*j(a) + 5*r(a). What is the tens digit of g(3)?
2
Let z(y) = y**2 + y + 7. What is the tens digit of z(5)?
3
Suppose -2*h - 2*h = 0. Suppose 0 = 2*r + 3*k + 8, 5*k = 4*r + 2*k - 20. Suppose r*u + 3*x - 22 = -0*u, h = -5*u - 5*x + 65. What is the tens digit of u?
1
Suppose -751 - 104 = -5*g. What is the units digit of g?
1
Let t = 5 - 88. Let h = -56 - t. What is the units digit of h?
7
Let g be 4/22 - 40/(-22). Suppose 2*n = 3*v - g*n - 62, -4*n - 76 = -4*v. What is the tens digit of v?
1
Let i = -5 + 8. Suppose 2*h - i*f = -0*f + 21, -h + f + 8 = 0. What is the units digit of h?
3
Let s be (-5 + 3)*(-1)/2. What is the units digit of s/4 - 81/(-12)?
7
Let i be -1 + 1 - -1 - -36. Suppose -3*f + 20 = f. Suppose -f*o = -4*w + i, 0 = -5*w - o - 0*o + 10. What is the units digit of w?
3
Suppose -n + 5 = -0*n. Let w = n + -4. What is the units digit of (w - -1) + -1 + 1?
2
Let x = 54 - 28. Suppose 14 + x = 4*h. What is the tens digit of h?
1
Suppose 7 - 3 = -p. Let r(l) = l**2 + 2*l - 5. What is the units digit of r(p)?
3
Suppose -37 = -3*d + 5. What is the tens digit of d?
1
Let z(t) = t. Let h be z(-3). Let n = h + 18. What is the units digit of n?
5
What is the tens digit of (-262)/(-14) + 4/14?
1
Suppose 3*d = 5*d - 8. Suppose 0*y - 2*y = -d. What is the units digit of y?
2
Suppose 0*p - 5*p = -390. What is the units digit of p?
8
Let u = 31 - 25. What is the units digit of u?
6
What is the units digit of 18/(-1)*(-45)/10?
1
Let d = 0 + 0. Suppose -q = 0, -5*n + 15 = -d*q - q. Suppose 3*o - a - 18 = -o, 2*o = n*a + 14. What is the units digit of o?
4
Suppose -n - 140 = -2*u - 5*n, 0 = -5*n - 20. Suppose -4*k + 28 = -4*a, -3*a - 5*k + 33 - u = 0. Let j = a + 22. What is the tens digit of j?
1
Suppose 3*y - 149 = -4*h + 266, 0 = 2*h + 3*y - 203. What is the hundreds digit of h?
1
Let q be 1*(-2)/(-1*2). Let v(t) = -11*t**2 - t. Let i be v(q). What is the tens digit of ((-14)/4)/(3/i)?
1
Suppose 2*g + 2*w - 78 = -w, -5*w = -5*g + 170. Let p = g + -21. What is the tens digit of p?
1
Let b be (12/9)/((-1)/(-12)). Let p be (-1)/5 + b/5. Suppose -5*n = 3*r - 20, 0 = -3*n + p*r - 11 - 1. What is the units digit of n?
1
What is the units digit of (4/(-2))/(-2) + 2?
3
Let m = 91 - 56. What is the units digit of m?
5
Let f(h) = 7 - 4*h + 4*h**2 - 4*h**3 + 3*h**3 + 3*h**2. What is the tens digit of f(5)?
3
Let x(p) = 49*p**2 + p - 2. Let c be x(1). Let t = c - 23. What is the tens digit of t?
2
Let n be 3*1 - (18 + -6). Let l = 23 + n. Suppose -5*r + l = 4. What is the units digit of r?
2
Let b(l) = -l + 9. Let f be b(0). Let w = 0 - 0. Suppose w = -n - 2*z + 14, -z + 4*z = f. What is the units digit of n?
8
Suppose -5*m - 22 = -2. What is the units digit of 1/m - 327/(-12)?
7
Suppose 3*n = -2*z + 268, -5*n - 5*z = -609 + 154. Suppose 0 = 5*g - 3*r - n - 54, -5*r - 99 = -4*g. What is the units digit of g?
1
Let p(h) = 10*h. Let q be p(1). Let d = -7 + q. Suppose -3*r = -3*x + 42, r = 4*x + d*r - 56. What is the units digit of x?
4
Let j = -3 + 5. Let q be (j + -4 + 3)*2. Suppose q*w = -2*w + 32. What is the units digit of w?
8
Suppose 4*j + 3*p + 20 - 280 = 0, 0 = -4*j - 2*p + 260. What is the tens digit of j?
6
Let j be 0/(-2)*(-6)/12. Let f(n) = -n + 12. Let t be f(j). Suppose 0 = -3*i - 0*i + t. What is the units digit of i?
4
Let r(d) = -d + 2. Let y be ((-2)/2)/(-4 + 3). Suppose x + 3 = y. What is the units digit of r(x)?
4
Let x(z) = -z**3 - 7*z**2 + 8*z + 4. Let i(m) = -3*m + 4. Let g(h) = h**2 - 6*h - 3. Let n be g(7). Let c be i(n). What is the units digit of x(c)?
4
What is the tens digit of 6/2 - 236/(-4)?
6
Suppose -3*r - 2*r - 15 = -5*j, -12 = -4*j - 2*r. Suppose -6 = -j*f + 27. What is the tens digit of f?
1
Let m(w) = -17*w + 4. Let c be m(-4). Suppose 3*f = -f + 3*k + 68, 3*f = -3*k + c. What is the tens digit of f?
2
Suppose -4*d + 963 = 235. What is the hundreds digit of d?
1
Suppose 3 + 0 = 3*x. What is the tens digit of (-52 - -1)*x/(-3)?
1
Let w be 2 - ((-3 - -2) + -2). Let v = -10 + 8. Let s = v + w. What is the units digit of s?
3
Let i(r) = -r**3 - 10*r**2 - 9*r. Let o be i(-9). Suppose 0 = -o*z - z. Suppose 2*l + z = 2. What is the units digit of l?
1
Let o(f) = 5*f - 7. Let h(l) = 4*l - 6. Let j(t) = -6*h(t) + 5*o(t). Let a be j(4). Let w = 6 - a. What is the units digit of w?
1
Let u be (-6)/((-9)/6*1). Let m = u + -3. What is the units digit of m?
1
Suppose -d - 12 + 182 = 5*k, -2*k + 68 = -3*d. W